{"id":45,"date":"2020-11-30T00:30:53","date_gmt":"2020-11-30T00:30:53","guid":{"rendered":"https:\/\/sompirineu.cat\/senderia\/?page_id=45"},"modified":"2025-05-22T10:45:42","modified_gmt":"2025-05-22T08:45:42","slug":"butlletins","status":"publish","type":"page","link":"https:\/\/sompirineu.cat\/senderia\/butlletins\/","title":{"rendered":"Butlletins"},"content":{"rendered":"\t\t<div data-elementor-type=\"wp-page\" data-elementor-id=\"45\" class=\"elementor elementor-45\" data-elementor-post-type=\"page\">\n\t\t\t\t\t\t<section class=\"elementor-section elementor-top-section elementor-element elementor-element-aa32c45 elementor-section-boxed elementor-section-height-default elementor-section-height-default\" data-id=\"aa32c45\" data-element_type=\"section\">\n\t\t\t\t\t\t<div class=\"elementor-container elementor-column-gap-default\">\n\t\t\t\t\t\t<\/div>\n\t\t<\/section>\n\t\t\t\t<section class=\"elementor-section elementor-top-section elementor-element elementor-element-6df42764 elementor-section-boxed elementor-section-height-default elementor-section-height-default\" data-id=\"6df42764\" data-element_type=\"section\" data-settings=\"{&quot;background_background&quot;:&quot;classic&quot;}\">\n\t\t\t\t\t\t<div class=\"elementor-container elementor-column-gap-default\">\n\t\t\t\t\t<div class=\"elementor-column elementor-col-100 elementor-top-column elementor-element elementor-element-27e0f17c\" data-id=\"27e0f17c\" data-element_type=\"column\">\n\t\t\t<div class=\"elementor-widget-wrap elementor-element-populated\">\n\t\t\t\t\t\t<div class=\"elementor-element elementor-element-1310c525 elementor-widget elementor-widget-spacer\" data-id=\"1310c525\" data-element_type=\"widget\" data-widget_type=\"spacer.default\">\n\t\t\t\t<div class=\"elementor-widget-container\">\n\t\t\t\t\t\t\t<div class=\"elementor-spacer\">\n\t\t\t<div class=\"elementor-spacer-inner\"><\/div>\n\t\t<\/div>\n\t\t\t\t\t\t<\/div>\n\t\t\t\t<\/div>\n\t\t\t\t<div class=\"elementor-element elementor-element-ff01a19 elementor-widget elementor-widget-heading\" data-id=\"ff01a19\" data-element_type=\"widget\" data-widget_type=\"heading.default\">\n\t\t\t\t<div class=\"elementor-widget-container\">\n\t\t\t\t\t<h1 class=\"elementor-heading-title elementor-size-default\">Butlletins SENd\u00c8RIA<\/h1>\t\t\t\t<\/div>\n\t\t\t\t<\/div>\n\t\t\t\t<div class=\"elementor-element elementor-element-71611482 elementor-widget-divider--view-line elementor-widget elementor-widget-global elementor-global-6066 elementor-widget-divider\" data-id=\"71611482\" data-element_type=\"widget\" data-widget_type=\"divider.default\">\n\t\t\t\t<div class=\"elementor-widget-container\">\n\t\t\t\t\t\t\t<div class=\"elementor-divider\">\n\t\t\t<span class=\"elementor-divider-separator\">\n\t\t\t\t\t\t<\/span>\n\t\t<\/div>\n\t\t\t\t\t\t<\/div>\n\t\t\t\t<\/div>\n\t\t\t\t<div class=\"elementor-element elementor-element-c7f5321 elementor-widget elementor-widget-spacer\" data-id=\"c7f5321\" data-element_type=\"widget\" data-widget_type=\"spacer.default\">\n\t\t\t\t<div class=\"elementor-widget-container\">\n\t\t\t\t\t\t\t<div class=\"elementor-spacer\">\n\t\t\t<div class=\"elementor-spacer-inner\"><\/div>\n\t\t<\/div>\n\t\t\t\t\t\t<\/div>\n\t\t\t\t<\/div>\n\t\t\t\t\t<\/div>\n\t\t<\/div>\n\t\t\t\t\t<\/div>\n\t\t<\/section>\n\t\t\t\t<section class=\"elementor-section elementor-top-section elementor-element elementor-element-290dfc3a elementor-section-boxed elementor-section-height-default elementor-section-height-default\" data-id=\"290dfc3a\" data-element_type=\"section\">\n\t\t\t\t\t\t<div class=\"elementor-container elementor-column-gap-no\">\n\t\t\t\t\t<div class=\"elementor-column elementor-col-100 elementor-top-column elementor-element elementor-element-33cc9536\" data-id=\"33cc9536\" data-element_type=\"column\">\n\t\t\t<div class=\"elementor-widget-wrap elementor-element-populated\">\n\t\t\t\t\t\t<section class=\"elementor-section elementor-inner-section elementor-element elementor-element-7a3faa6 elementor-section-boxed elementor-section-height-default elementor-section-height-default\" data-id=\"7a3faa6\" data-element_type=\"section\">\n\t\t\t\t\t\t<div class=\"elementor-container elementor-column-gap-no\">\n\t\t\t\t\t<div class=\"elementor-column elementor-col-50 elementor-inner-column elementor-element elementor-element-6e8b2e20\" data-id=\"6e8b2e20\" data-element_type=\"column\">\n\t\t\t<div class=\"elementor-widget-wrap elementor-element-populated\">\n\t\t\t\t\t\t<div class=\"elementor-element elementor-element-c476b51 elementor-widget elementor-widget-text-editor\" data-id=\"c476b51\" data-element_type=\"widget\" data-widget_type=\"text-editor.default\">\n\t\t\t\t<div class=\"elementor-widget-container\">\n\t\t\t\t\t\t\t\t\t<p>Aqu\u00ed pots veure els primers 76 n\u00fameros del butllet\u00ed amb el seu format original (PDF). Els seus continguts tamb\u00e9 s\u00f3n consultables a trav\u00e9s del<a href=\"https:\/\/sompirineu.cat\/senderia\/cercador-de-butlletins\/\" target=\"_blank\"> cercador de butlletins<\/a>&nbsp;o navegant per cadascuna de les seccions que tenia el butllet\u00ed.&nbsp;&nbsp;<\/p>\t\t\t\t\t\t\t\t<\/div>\n\t\t\t\t<\/div>\n\t\t\t\t\t<\/div>\n\t\t<\/div>\n\t\t\t\t<div class=\"elementor-column elementor-col-50 elementor-inner-column elementor-element elementor-element-20185f6\" data-id=\"20185f6\" data-element_type=\"column\" data-settings=\"{&quot;background_background&quot;:&quot;classic&quot;}\">\n\t\t\t<div class=\"elementor-widget-wrap elementor-element-populated\">\n\t\t\t\t\t\t<div class=\"elementor-element elementor-element-6c1ed0f9 elementor-widget elementor-widget-heading\" data-id=\"6c1ed0f9\" data-element_type=\"widget\" data-widget_type=\"heading.default\">\n\t\t\t\t<div class=\"elementor-widget-container\">\n\t\t\t\t\t<h4 class=\"elementor-heading-title elementor-size-default\">Arxiu de Butlletins SENd\u00c8RIA en pdf (1-76)<\/h4>\t\t\t\t<\/div>\n\t\t\t\t<\/div>\n\t\t\t\t<div class=\"elementor-element elementor-element-0564006 elementor-widget elementor-widget-text-editor\" data-id=\"0564006\" data-element_type=\"widget\" data-widget_type=\"text-editor.default\">\n\t\t\t\t<div class=\"elementor-widget-container\">\n\t\t\t\t\t\t\t\t\t<ul><li><a href=\"https:\/\/drive.google.com\/file\/d\/1DBLD9YcZ7eWvQ8qCZbS_mlIb0nQlT6b-\/view?usp=sharing\" target=\"_blank\" rel=\"noopener\">SENd\u00c8RIA 76 \u2013 febrer 2021<\/a><\/li><li><a href=\"https:\/\/drive.google.com\/file\/d\/1vucJ198NusO-1xl5hlee5yb__32MxGoc\/view?usp=sharing\" target=\"_blank\" rel=\"noopener noreferrer\">SENd\u00c8RIA 75 \u2013 gener 2021<\/a><\/li><li><a href=\"https:\/\/drive.google.com\/drive\/folders\/1rE6TUUj_So-7MPevOnYDmz3GTMulD2Cg?usp=sharing\" target=\"_blank\" rel=\"noopener noreferrer\">SENd\u00c8RIA \u2013 Any 2020 (n\u00fams. 64-74)<\/a><\/li><li><a href=\"https:\/\/drive.google.com\/open?id=1DxxB9-VvjI4zm6Sv3olwwGi3sNR7toY_\" target=\"_blank\" rel=\"noopener noreferrer\">SENd\u00c8RIA \u2013 Any 2019 (n\u00fams. 53-63)<\/a><\/li><li><a href=\"https:\/\/drive.google.com\/drive\/folders\/15000aQPy33X5NA8JlNrOaqC3FFoiCe1t?usp=sharing\" target=\"_blank\" rel=\"noopener noreferrer\">SENd\u00c8RIA \u2013 Any 2018 (n\u00fams. 42-52)<\/a><\/li><li><a href=\"https:\/\/drive.google.com\/drive\/folders\/1Xp5GvWbjldL3er21xSfPXhFycDpBPiwO?usp=sharing\" target=\"_blank\" rel=\"noopener noreferrer\">SENd\u00c8RIA \u2013 Any 2017 (n\u00fams. 31-41)<\/a><\/li><li><a href=\"https:\/\/drive.google.com\/open?id=100uqSJVYWXzuZq4XwrFaHfDsD5f3ZJaJ\" target=\"_blank\" rel=\"noopener noreferrer\">SENd\u00c8RIA \u2013 Any 2016 (n\u00fams. 20-30)<\/a><\/li><li><a href=\"https:\/\/drive.google.com\/open?id=1iRM0M_0ZhKOOqoOyZLltTEsVWf0jY1Ub\" target=\"_blank\" rel=\"noopener noreferrer\">SENd\u00c8RIA \u2013 Any 2015 (n\u00fams. 09-19)<\/a><\/li><li><a href=\"https:\/\/drive.google.com\/open?id=1A8QYbyBUuTw9AC5kq_qU_ukfcv77qPlr\" target=\"_blank\" rel=\"noopener noreferrer\">SENd\u00c8RIA \u2013 Any 2014 (n\u00fams. 01-08)<\/a><\/li><\/ul>\t\t\t\t\t\t\t\t<\/div>\n\t\t\t\t<\/div>\n\t\t\t\t\t<\/div>\n\t\t<\/div>\n\t\t\t\t\t<\/div>\n\t\t<\/section>\n\t\t\t\t\t<\/div>\n\t\t<\/div>\n\t\t\t\t\t<\/div>\n\t\t<\/section>\n\t\t\t\t<section class=\"elementor-section elementor-top-section elementor-element elementor-element-702f1f6e elementor-section-boxed elementor-section-height-default elementor-section-height-default\" data-id=\"702f1f6e\" data-element_type=\"section\">\n\t\t\t\t\t\t<div class=\"elementor-container elementor-column-gap-default\">\n\t\t\t\t\t<div class=\"elementor-column elementor-col-100 elementor-top-column elementor-element elementor-element-78ffc555\" data-id=\"78ffc555\" data-element_type=\"column\">\n\t\t\t<div class=\"elementor-widget-wrap elementor-element-populated\">\n\t\t\t\t\t\t<div class=\"elementor-element elementor-element-3e75d31a elementor-widget elementor-widget-spacer\" data-id=\"3e75d31a\" data-element_type=\"widget\" data-widget_type=\"spacer.default\">\n\t\t\t\t<div class=\"elementor-widget-container\">\n\t\t\t\t\t\t\t<div class=\"elementor-spacer\">\n\t\t\t<div class=\"elementor-spacer-inner\"><\/div>\n\t\t<\/div>\n\t\t\t\t\t\t<\/div>\n\t\t\t\t<\/div>\n\t\t\t\t\t<\/div>\n\t\t<\/div>\n\t\t\t\t\t<\/div>\n\t\t<\/section>\n\t\t\t\t<section class=\"elementor-section elementor-top-section elementor-element elementor-element-2de779a6 elementor-section-boxed elementor-section-height-default elementor-section-height-default\" data-id=\"2de779a6\" data-element_type=\"section\">\n\t\t\t\t\t\t<div class=\"elementor-container elementor-column-gap-default\">\n\t\t\t\t\t<div class=\"elementor-column elementor-col-100 elementor-top-column elementor-element elementor-element-21c0b1bd\" data-id=\"21c0b1bd\" data-element_type=\"column\">\n\t\t\t<div class=\"elementor-widget-wrap\">\n\t\t\t\t\t\t\t<\/div>\n\t\t<\/div>\n\t\t\t\t\t<\/div>\n\t\t<\/section>\n\t\t\t\t<\/div>\n\t\t","protected":false},"excerpt":{"rendered":"<p>Butlletins SENd\u00c8RIA Aqu\u00ed pots veure els primers 76 n\u00fameros del butllet\u00ed amb el seu format [&hellip;]<\/p>\n","protected":false},"author":1,"featured_media":0,"parent":0,"menu_order":0,"comment_status":"closed","ping_status":"closed","template":"","meta":{"site-sidebar-layout":"no-sidebar","site-content-layout":"plain-container","ast-site-content-layout":"","site-content-style":"default","site-sidebar-style":"default","ast-global-header-display":"","ast-banner-title-visibility":"","ast-main-header-display":"","ast-hfb-above-header-display":"","ast-hfb-below-header-display":"","ast-hfb-mobile-header-display":"","site-post-title":"disabled","ast-breadcrumbs-content":"","ast-featured-img":"disabled","footer-sml-layout":"","theme-transparent-header-meta":"default","adv-header-id-meta":"","stick-header-meta":"default","header-above-stick-meta":"","header-main-stick-meta":"","header-below-stick-meta":"","astra-migrate-meta-layouts":"default","ast-page-background-enabled":"default","ast-page-background-meta":{"desktop":{"background-color":"var(--ast-global-color-4)","background-image":"","background-repeat":"repeat","background-position":"center center","background-size":"auto","background-attachment":"scroll","background-type":"","background-media":"","overlay-type":"","overlay-color":"","overlay-opacity":"","overlay-gradient":""},"tablet":{"background-color":"","background-image":"","background-repeat":"repeat","background-position":"center center","background-size":"auto","background-attachment":"scroll","background-type":"","background-media":"","overlay-type":"","overlay-color":"","overlay-opacity":"","overlay-gradient":""},"mobile":{"background-color":"","background-image":"","background-repeat":"repeat","background-position":"center center","background-size":"auto","background-attachment":"scroll","background-type":"","background-media":"","overlay-type":"","overlay-color":"","overlay-opacity":"","overlay-gradient":""}},"ast-content-background-meta":{"desktop":{"background-color":"var(--ast-global-color-5)","background-image":"","background-repeat":"repeat","background-position":"center center","background-size":"auto","background-attachment":"scroll","background-type":"","background-media":"","overlay-type":"","overlay-color":"","overlay-opacity":"","overlay-gradient":""},"tablet":{"background-color":"var(--ast-global-color-5)","background-image":"","background-repeat":"repeat","background-position":"center center","background-size":"auto","background-attachment":"scroll","background-type":"","background-media":"","overlay-type":"","overlay-color":"","overlay-opacity":"","overlay-gradient":""},"mobile":{"background-color":"var(--ast-global-color-5)","background-image":"","background-repeat":"repeat","background-position":"center center","background-size":"auto","background-attachment":"scroll","background-type":"","background-media":"","overlay-type":"","overlay-color":"","overlay-opacity":"","overlay-gradient":""}},"footnotes":""},"class_list":["post-45","page","type-page","status-publish","hentry"],"_links":{"self":[{"href":"https:\/\/sompirineu.cat\/senderia\/wp-json\/wp\/v2\/pages\/45","targetHints":{"allow":["GET"]}}],"collection":[{"href":"https:\/\/sompirineu.cat\/senderia\/wp-json\/wp\/v2\/pages"}],"about":[{"href":"https:\/\/sompirineu.cat\/senderia\/wp-json\/wp\/v2\/types\/page"}],"author":[{"embeddable":true,"href":"https:\/\/sompirineu.cat\/senderia\/wp-json\/wp\/v2\/users\/1"}],"replies":[{"embeddable":true,"href":"https:\/\/sompirineu.cat\/senderia\/wp-json\/wp\/v2\/comments?post=45"}],"version-history":[{"count":133,"href":"https:\/\/sompirineu.cat\/senderia\/wp-json\/wp\/v2\/pages\/45\/revisions"}],"predecessor-version":[{"id":6252,"href":"https:\/\/sompirineu.cat\/senderia\/wp-json\/wp\/v2\/pages\/45\/revisions\/6252"}],"wp:attachment":[{"href":"https:\/\/sompirineu.cat\/senderia\/wp-json\/wp\/v2\/media?parent=45"}],"curies":[{"name":"wp","href":"https:\/\/api.w.org\/{rel}","templated":true}]}}